x**3 + x. Let j be c(-1). Let i(d) = -6*d**2 + 2*d + 1. Let r(w) = 29*w**2 - 10*w - 6. Let o(s) = j*r(s) - 11*i(s). Give o(1).
7
Let y(d) = -d**2 + 2*d + 3. Let n be 6/(-4)*2 + 7. Calculate y(n).
-5
Let q = 5 - 4. Suppose 2*n + q - 5 = 0. Let l(m) = -m**3 + 4*m**2 - 2*m - 2. Calculate l(n).
2
Let u(h) = 3*h**2 - 3. Let c(k) = -3*k**2 + 8*k - 5. Let x(q) = 2*q**2 - 5*q + 3. Let y(s) = 5*c(s) + 8*x(s). Let o(b) = 3*u(b) - 8*y(b). Give o(0).
-1
Let l(f) = -8*f - 20 - 4*f - 4*f + 17*f. Calculate l(0).
-20
Let v be 24/(-32) - ((-7)/4 - 0). Let g(m) = 3*m**3 - 2*m**2 + 1. Determine g(v).
2
Suppose 12 = -4*c, y - c + 3 = 4*y. Suppose 4*n = y*n. Let i(w) = w + w**2 + 3*w + 1 + n. Determine i(-5).
6
Let c(x) = -x**3 - 9*x**2 - 7*x + 4. Let b be c(-8). Let q(w) = w**3 + 3*w**2 - w + 2. What is q(b)?
-10
Let k(a) be the third derivative of a**4/24 + a**3/3 - 3*a**2. Let l be ((-6)/4)/3 - 18/(-4). Give k(l).
6
Let d(u) = u**3 - 7*u**2 - u + 10. Let g be d(7). Let q = -3 - -5. Let c(z) = 3*z - z**3 + 4*z**q - 3*z - 4. Give c(g).
5
Let p be 7/(-28) - 687/(-12). Let v be 7/3 + 38/p. Let g(a) = -a**2 + 5*a - 3. What is g(v)?
3
Suppose -y = -0*y - 3. Let h(u) = -3 - 2*u**2 + 3*u**y + 2 - u**3 - u + u**2. Let i = -4 + 3. Determine h(i).
-3
Let y(h) = h**2 - 7*h + 5. Let n = 23 + -19. Calculate y(n).
-7
Let u(z) be the first derivative of -3*z**2/2 - 2*z - 39. Give u(-4).
10
Let m(u) = u + 10. Let h be m(-8). Let l(b) = 0*b + b - h*b - 2. Calculate l(-4).
2
Let a(m) be the third derivative of 1/120*m**6 + 1/24*m**4 + 0 + 0*m - 1/60*m**5 - 2*m**2 + 1/6*m**3. Calculate a(0).
1
Let c(w) = 3*w + 9. Let i(k) = k + 4. Let q(h) = 2*c(h) - 5*i(h). Determine q(3).
1
Let q(h) be the first derivative of h**3/3 - 3*h + 3. Let w(f) be the first derivative of q(f). Determine w(2).
4
Suppose -z - 21 = 3*l + 2*z, z - 8 = 2*l. Let a = -10 - l. Let d(w) = -w**3 - 5*w**2 + 1 + 2 + w - 2. Determine d(a).
-4
Let m(f) be the third derivative of f**6/120 - f**5/15 - f**4/4 - 2*f**3/3 + 14*f**2. Calculate m(5).
-9
Let h(d) be the first derivative of d**4/4 - 4*d**3/3 + 2*d**2 - 3*d + 1. Let j be 9*(-4)/(-3) + 0. Suppose 5*b - b = j. Calculate h(b).
0
Let u(i) = 2*i - 4. Suppose 0 = n - 3*k + 9, -2*n - k - 2*k = 0. What is u(n)?
-10
Let g(a) = a**3 + 3*a**2 - 2*a + 2. Let w be ((-8)/4 - -3)*6. Suppose -y - 6 = -4*x + w, 4 = 2*x. Determine g(y).
-6
Let o = -14 + 10. Let p(m) = -m**3 - 3*m**2 + m - 2. Calculate p(o).
10
Let r(f) be the first derivative of -f**4/4 - 2*f**3 - 2*f**2 + 3*f - 1. Suppose 4*t - 3*c + 3 + 8 = 0, -5 = -2*t + 5*c. Calculate r(t).
-2
Let t(c) = -2*c**2 + 14*c**2 + 1 - 11*c**2. Suppose 18 = -5*v + 3. Calculate t(v).
10
Let d(v) = v. Let t(k) = -k**3 - 4*k**2 - 5*k - 4. Let j(c) = 4*d(c) + t(c). Suppose 0*p = -p + 5*w + 16, -p + 4 = -2*w. What is j(p)?
0
Let q(j) = -j**2. Let n(r) = 2*r**2 + 6*r - 5. Let i(z) = n(z) + q(z). Suppose -4*y - x = 26, 2*y = -3*y - 3*x - 36. Calculate i(y).
-5
Let t(u) be the first derivative of -u**3 - u**2 - 2*u - 12. What is t(-2)?
-10
Let p(x) = x**3 - 3*x**2 + 2*x + 2. Let v be p(2). Let y(u) = u + 2*u - 5*u. Calculate y(v).
-4
Let m(c) = c**3 - 15*c**2 + 13*c + 19. Let p be m(14). Let v(z) = z**3 - 4*z**2 - 2*z - 4. What is v(p)?
11
Let m(b) = b**3 + 6*b**2 - 5*b - 2. Suppose 0 = -5*o + 10 - 0, -4*p - 36 = -4*o. What is m(p)?
-16
Let h be (-1)/(-2)*0/(-1). Let p = 1 + h. Let m(w) = 5*w**3 - 2 + 3*w**3 + w + p - w**3. What is m(1)?
7
Let g = 15 + -10. Let q = g - 10. Let k(y) = -y + 1. Determine k(q).
6
Let t(g) = -3*g**2 + 10*g + 5. Let w(r) = -7*r**2 + 21*r + 11. Let p(h) = -9*t(h) + 4*w(h). What is p(-5)?
4
Let o(x) = -3*x**2 - 8*x - 7. Let v(w) = 3*w**2 + 9*w + 8. Let s(z) = 5*o(z) + 4*v(z). Let k be (2/4)/(3/6). Let f = k + -3. Give s(f).
-7
Let p(d) = d - 9. Suppose -b - 7 = -3*v + 3, -3*v - 5 = -4*b. Suppose b*j = -18 - 2. Let m = -4 - j. Determine p(m).
-9
Let y(l) = -l**2 - 7*l - 7. Suppose -50 = 2*x - 7*x. Let k be ((-1)/(-2))/((-1)/x). Calculate y(k).
3
Suppose -6*x + 4 = 2*v - 2*x, v - 2 = 4*x. Let d(m) = -1 - m**3 + 3*m - v + 4 - 3*m**2 + 3. Give d(-3).
-5
Let v(s) = -s**2. Let b(c) = -2*c**2 - c - 1. Let m(w) = -4*b(w) + 7*v(w). Calculate m(-5).
9
Let x(h) = h**3 + 0*h**3 + 5*h**2 - 2*h - 2 - 4*h + 0*h. Give x(-6).
-2
Suppose 0 = -3*w + 7 - 1. Let j(d) be the second derivative of 1/12*d**4 + 0*d**3 - w*d + 3/2*d**2 + 0. Give j(0).
3
Let n(w) = w - 8. Let v be (-4)/(-2) + 2/(-1). Let h be 5*(0 + (1 - v)). Suppose h*o = -1 + 26. What is n(o)?
-3
Let o(b) be the first derivative of -1/2*b**2 - 4/3*b**3 - 1 + b + 1/4*b**4. What is o(3)?
-11
Let i(d) = -d**2 + 3*d - 5. Let v be i(3). Let a(q) = q**2. Let l(g) = 4*g**2 + 3*g. Let r(w) = 3*a(w) - l(w). Give r(v).
-10
Let j(p) = 3*p**2 + 3*p + 4. Let c(g) = 5*g**2 + 5*g + 8. Let u(s) = -4*c(s) + 7*j(s). Let w be u(-3). Let i(r) = -4 - 3 + w*r + 1. Determine i(5).
4
Let z(x) = -x**2 - 6*x - 5. Suppose 7*p + 4*p = -55. What is z(p)?
0
Suppose -2*b = f - 13, 5*b = 2*f + 31 - 12. Let o(t) = -1 - 5*t + t**2 + 2 + 1 - 1. What is o(f)?
-5
Suppose -5*v = -20, 2*m - 4*v = -21 - 3. Let l be 1/(-5) - 22/(-10). Let g(u) = -u**3 - 4*u - l*u + 3*u - 5*u**2. Give g(m).
-4
Suppose 0 = 2*y + p - 4, -1 = -3*y - p + 3. Let g(k) = -2 - k**2 + 2*k**3 + k + 7 - k**3. Calculate g(y).
5
Let v(o) = -o**3 - 3*o**2 + 3*o + 3. Let q = -45 + 65. Suppose a = 6*a + q. What is v(a)?
7
Let q(c) = c**3 + 2*c**2 + c. Let j(b) = -b**3 - b**2. Let g(w) = -3*j(w) - q(w). Let v be -3 - (-1 + 2 + -5). What is g(v)?
2
Let j(u) = -5*u**2 - 2*u + 5. Let w(z) = -z**2 - z + 1. Let v(n) = -j(n) + 6*w(n). Let c be -3*(1 + 0 + -2). Suppose 12 = -c*r - 0*r. Calculate v(r).
1
Let v = -11 - -7. Let x be (4/10)/(v/(-40)). Let w(z) = -z**2 + 4*z + 3. What is w(x)?
3
Let i be 1*(1 - -1)/2. Let v(w) = w**2 + w - 1. Let j(r) = 12*r**2 + r - 2. Let g(n) = j(n) - 3*v(n). Determine g(i).
8
Suppose -2*k = -3*r + 23, 2*r + 4*k - 45 = -19. Let t(p) = 12*p - r - 4*p - 7*p. Give t(7).
-2
Let c = -11 + 16. Let l(n) = -n**3 + 6*n**2 - 6*n + 5. Calculate l(c).
0
Let x(b) = -1. Let m(t) = t + 10. Let r(y) = -m(y) + x(y). Let n(w) = -w**2 + 19. Let i be n(-5). What is r(i)?
-5
Let k(m) = -5*m**2. Let d(r) = 4*r + 4*r - 7*r + 9. Let a be d(-7). Suppose 2*x + a = -0*x. Give k(x).
-5
Let a(j) = j**2 - 5*j - 6. Suppose -4*t = -4*y + 3*y - 33, 2*t + 1 = -3*y. Calculate a(t).
8
Suppose -w + 3 + 4 = 0. Let f(x) = -2 - 3*x - x + w*x - 2*x. Let m be f(0). Let n(k) = k**3 + 3*k**2 - 2*k - 2. Calculate n(m).
6
Let k(b) = -3*b**2 - 7*b + 5. Let l(a) = -8*a**2 - 20*a + 14. Let v(r) = 11*k(r) - 4*l(r). What is v(2)?
1
Suppose 7*x = -8*x + 4*x. Let r(w) = -w**3 - 2*w**2 - w + 1. Let y(m) = 2*m**3 + 5*m**2 + 2*m - 3. Let d(c) = -7*r(c) - 3*y(c). Determine d(x).
2
Let j(u) = u**2 + 3*u - 4. Let k(t) = t**3 + 5*t**2 + 2*t. Let q be k(-4). Let n = q + -12. Determine j(n).
0
Let k be (-14)/(-6) + -12 + 10. Let t(l) be the third derivative of 0*l + k*l**3 + 0 - 2*l**2 + 1/12*l**4. Determine t(-2).
-2
Let i(u) = u - 1. Let r(m) = m**2 + m - 2. Let d(a) = 4*i(a) - r(a). Suppose 0 = -2*q - 3*q + 40. Let k be 6/(-4)*q/(-6). What is d(k)?
0
Let f = 2 - -3. Suppose -2*v + 5*q - 3 = 0, 4*v - q = 6 + 33. Let l(h) = h**2 - 4*h + 3. Let z(k) = 5*k**2 - 20*k + 16. Let d(u) = v*l(u) - 2*z(u). Give d(f).
6
Let i(b) = -2 - 2*b - 1 - 2. Let r(q) = -4*q**2 + 7*q - 4. Let u be r(2). Determine i(u).
7
Let y(n) = -n - 4. Let s be y(-2). Let u(o) = -2*o**2 + 2*o**2 - o**3 - 2*o - o**2. What is u(s)?
8
Suppose 4*u + 4 = 5*u. Suppose -f + i = -3*f + 6, -u*i + 4 = 4*f. Let a(p) = -p + 4. Determine a(f).
-1
Let x(v) be the second derivative of -v**5/120 - 5*v**4/24 - v**3/3 + 2*v. Let r(k) be the second derivative of x(k). What is r(4)?
-9
Let y(h) = 2*h**3 - 2*h**2 - h + 4. Let j(f) = 3*f**3 - 2*f**2 - f + 5. Let u(c) = -4*j(c) + 5*y(c). Determine u(-1).
1
Let c be (-1 - -3)*27/18. Let f(k) = k**2 + 1. What is f(c)?
10
Suppose 4*o + l - 8 = -l, -4 = 2*o + 3*l. Suppose -8 = -o*b + 6*b. Let y(p) = -p**2 - 2*p + 2. Calculate y(b).
-6
Let y(v) = -v**2 + 3*v. Let x(r) = 3*r**2 + 25*r - 40. Let b(j) = j**2 + 8*j - 13. Let i(c) = 7*b(c) - 2*x(c). Let m be i(-8). Calculate y(m).
-10
Let w(h) = -h**3 + 2*h**2 + 4*h - 3. Let v(t) = -t**2 + 5*t - 2. Let x be v(3). Suppose -o + 1 = -x. Let j = o 